= -x*l - 0. Let q(v) be the third derivative of v**6/120 + v**5/10 + 5*v**4/24 + v**3/3 - v**2. Determine q(l).
2
Let s(a) = -6 - 2*a**2 + a**2 - a - a**3 - 5. Determine s(0).
-11
Let z(m) be the first derivative of m**4/4 + 2*m**3/3 - 7*m**2/2 - 5*m + 3. Suppose 0 = d + d + 8. What is z(d)?
-9
Let d(j) = -j + 6. Suppose -4*z - 3*y + 23 = 0, 4*y = 5*z - 4*z - 1. Calculate d(z).
1
Let u(m) be the third derivative of -m**5/60 - m**4/8 + m**3/6 - 4*m**2. Let y be u(-3). Let w(j) = -4*j**3 + 3*j**3 - 4 - j + y + 3*j**2 + 3*j. What is w(2)?
5
Let a(s) be the third derivative of -s**4/12 + s**3/3 - 16*s**2. Let o(m) = m - 5. Let q be o(7). Suppose 3*f = q*f + 2. Give a(f).
-2
Let d = 6 + 0. Suppose d*a = 4*a + 4. Let c(p) = -2*p**3 + p**2 + p + 1. Determine c(a).
-9
Let a(m) be the third derivative of -m**4/12 - 4*m**3/3 + 2*m**2. What is a(-6)?
4
Let o(i) = -i**2 - 13*i - 6. Let a be o(-12). Let d(n) = -n + 2. Let f be d(a). Let v(r) = -r**2 + 5. Calculate v(f).
-11
Let q(z) = 1 - 2*z + z + 2*z. Let l = -6 + 9. Suppose 0 = h - 0*h + l. Calculate q(h).
-2
Let n(m) = 10*m - 4. Let z(h) = -11*h + 5. Let i(k) = 6*n(k) + 5*z(k). What is i(-2)?
-9
Suppose 12 = 42*q - 39*q. Let h(u) be the first derivative of -u**2 + 3*u + 3. Give h(q).
-5
Let c(w) be the third derivative of w**6/120 + w**5/20 + 4*w**2. Let g = -1 + 0. Let q be g/3 + 8/(-3). What is c(q)?
0
Let l(o) = 18*o + 1. Let h be l(1). Suppose 0 = 3*t + 5*v + h, t + 7 + 4 = -4*v. Let s(p) = -p**2 - 2*p + 1. Determine s(t).
-2
Suppose 30 = 3*o - 8*o. Let m(d) be the third derivative of -d**4/24 - 2*d**3 - 8*d**2. Calculate m(o).
-6
Let l = -9 + 4. Let q = -2 - l. Let o(z) be the third derivative of -z**5/60 + z**4/4 - z**3/6 - z**2. Determine o(q).
8
Let h(d) = -15*d - 15. Let f(z) = 6*z + 6. Let b(p) = 12*f(p) + 5*h(p). Let l be 0 - (0 + -1 + -11). Suppose -5*a = -a + l. Determine b(a).
6
Let b(a) be the third derivative of -a**6/120 + 7*a**5/60 - 3*a**4/8 + a**3 - 16*a**2. Determine b(6).
-12
Let z(u) be the third derivative of -u**5/60 + u**4/24 + u**3/2 + 2*u**2. Let p = 7 + -4. Determine z(p).
-3
Let r(w) = 6*w**2 - 4*w + 3. Let b be r(2). Let t(x) = 19 - b - x. Calculate t(-3).
3
Suppose -h - h = -18. Let m be 24/h + 2/(-3). Let s(w) be the third derivative of -w**4/12 - w**3/6 + 4*w**2 + 5. Calculate s(m).
-5
Let l(j) be the second derivative of 1/12*j**4 + 0 + 2*j**2 + j - j**3. Let h be (17 - 18)/(6/8 - 1). What is l(h)?
-4
Let d(u) = -3*u + 5. Let c = 2 - -2. Give d(c).
-7
Let m(a) be the second derivative of 7*a**3/6 - 5*a**2 + 4*a. Let o(g) = -3*g + 5. Let t(w) = 2*m(w) + 5*o(w). Calculate t(-4).
9
Let r(p) = -4 - 4*p + 7*p - 2*p. Calculate r(5).
1
Let h(i) = -i - 7. Let g(m) = 1. Let j(d) = -5*g(d) - h(d). Determine j(-3).
-1
Let j(t) be the third derivative of -t**5/60 - t**4/6 + t**3/6 - 12*t**2. Let m be (-1 - 1) + (-1 - 1). Determine j(m).
1
Let c(h) be the first derivative of -9*h**2/2 - h + 1. Determine c(-1).
8
Let a(v) = -v**3 + 4. Suppose 4*n + 3*u = 20, 0 = -3*n + 4*n - u + 2. Let y(j) = j**2 + j + 2. Let x be y(n). Let o = x + -8. Determine a(o).
4
Let a(x) = -x**3 - x. Let o(m) = 5*m**2 + 7*m + 4. Let b(w) = -a(w) - o(w). Let g be 1/2 + 33/6. Give b(g).
-4
Suppose 0 = -w - 0 + 5. Let i(p) = 5*p + 1. Let f(n) = -n - 1. Let o(l) = 4*f(l) + i(l). Calculate o(w).
2
Let d = 85 + -85. Let z(n) be the second derivative of d - n + 3/2*n**2 - 1/12*n**4 + 2/3*n**3. What is z(5)?
-2
Let y(b) be the second derivative of -1/3*b**4 + b - 2*b**2 + 1/6*b**3 - 1/20*b**5 + 0. Calculate y(-4).
-8
Let r(f) = -f**3 - 6*f**2 - 7*f - 6. Let i = -36 + 25. Let h = i - -6. What is r(h)?
4
Let i be 1*-1*(20 + -5). Let j = -8 - i. Suppose j = q + s, -q + 23 = 2*q + 4*s. Let d(c) = c**2 - 4*c - 4. Determine d(q).
1
Suppose 0*v - 10 = 2*v. Let r(j) = -j**3 - 5*j**2 + j + 6. What is r(v)?
1
Let v be -24*(-6)/(-27)*3. Let t be v/(-10)*(-15)/(-2). Suppose -t = 2*w - 5*w. Let d(o) = 2*o - 2. Determine d(w).
6
Let t(m) = -m**2 - 7*m - 5. Let h(k) = -2*k - 3. Let a be h(-4). Suppose o - 10 = -5*d, -o - 5 = 3*o + a*d. What is t(o)?
5
Suppose 0*c = -3*c + 2*i + 19, 0 = -5*c - i + 23. Let n(f) be the first derivative of -f**2/2 - f + 6. What is n(c)?
-6
Let a = 35/6 + -17/3. Let l(u) be the third derivative of 0 + 0*u + 3*u**2 + 1/6*u**3 - a*u**4. Determine l(-1).
5
Let s = 5 + -8. Let b(u) = -4*u**3 + 7*u**2 + u - 1. Let h(w) = 7*w**3 - 13*w**2 - 2*w + 1. Let v(j) = s*h(j) - 5*b(j). What is v(4)?
6
Let j = -2 + -1. Let m(g) be the third derivative of -g**6/120 - g**5/15 - g**4/8 - g**3/3 + g**2. What is m(j)?
-2
Suppose 3*a + 3 - 9 = 0. Let b(x) be the second derivative of 1/2*x**a + 0 + x + 1/6*x**3. Give b(-1).
0
Let h = -2 + 3. Suppose -2*u - 7 = -3*p + 2*u, 0 = -p - 3*u - 2. Let c be 2 - (3 + p + h). Let y(g) = -g**3 - 2*g**2 + 3*g - 3. Calculate y(c).
-3
Let f(q) be the first derivative of q**4/8 + q**3/6 + q**2 + 1. Let u(j) be the second derivative of f(j). Determine u(2).
7
Let m(q) be the first derivative of q**2/2 - 11*q + 5. Let s be m(5). Let w(z) = z**2 + 6*z + 1. What is w(s)?
1
Let d(r) = -9*r - 1. Let y = -2 - -5. Suppose y*h + h + 4 = 0. Calculate d(h).
8
Suppose 0 = -2*t + 4*a - 4, 3*a - 8 = -t - 0*a. Suppose 0 = 3*p + t*u + 22, 3*p - 3*u - 1 = 2. Let n = p + 7. Let r(w) = 3*w + 1. What is r(n)?
10
Suppose 41 = 3*q + 4*j, 4*q - 2*j - 33 - 7 = 0. Let p(x) = -q + 9 - x + 3. Calculate p(3).
-2
Let b(o) = o**3 - 7*o**2 - 8*o - 4. Let v be b(8). Let k(a) = a - 3. Calculate k(v).
-7
Let g(d) be the first derivative of d**5/120 - d**4/12 - 5*d**3/3 + 3. Let i(a) be the third derivative of g(a). Determine i(2).
0
Let b(v) = -v**3 - 4*v**2 + 2*v - 1. Suppose 3*y + 6 = -6. Give b(y).
-9
Let g(p) = -p**3 - 7*p**2 - 5*p + 2. Let l = 24 - 30. Calculate g(l).
-4
Let n(c) = 2*c + c - 6*c + c**2 + 1. Suppose 5*m + 25 = g + 4*g, g - 6 = 2*m. Suppose -4*d + 10 = 3*u, 4*d = 2*u - g + 24. What is n(d)?
5
Let s(d) = 302 - d**2 - 603 + 300 + d. What is s(4)?
-13
Let k(y) = -y**2 + 7*y - 5. Let r(l) = 2*l**2 - 8*l + 3. Let b be r(5). Let j = b + -9. Give k(j).
7
Let q(g) be the second derivative of -g**4/12 + g**3/3 + g**2 + g. What is q(-2)?
-6
Let m(y) = -y + 14 + y**2 - 24 + 9. Give m(-1).
1
Let v(y) = y**3 - 2*y**2 + 2*y + 1. Suppose k - 3*k = 0, -2*k = -4*q. Let g = 3 + q. Let w be g - (2 - -1)/3. Give v(w).
5
Suppose 3*q + 5*i + 11 = 0, -6 = -3*q - 4*i - 16. Let w(j) = -8*j + 1. Give w(q).
17
Let p(x) = x**2 + 5*x - 6. Let u be p(0). Let n(k) = k**3 + 7*k**2 + 4*k - 8. Calculate n(u).
4
Let m(j) be the first derivative of j**4/4 - 4*j**3/3 + 3*j**2/2 + 2. Suppose x - 2 = 4*x - 2*r, 5*x - 2*r - 2 = 0. Give m(x).
-2
Suppose 2*d - 5*d = -15. Let r = d + -5. Suppose 4 + r = a. Let g(p) = p - 5. What is g(a)?
-1
Suppose -4*o + 29 = -3*s, 1 = s - 4*o + 24. Let y(v) be the second derivative of v**3/6 + v**2/2 + 2*v. Calculate y(s).
-2
Let c(w) = -27*w - 32*w + 1 + 57*w. Let t be (-2)/4*6/(-1). Suppose -4*a = -2*d + 10, 0 = t*d - 6*a + 3*a - 12. Calculate c(d).
-5
Let u be 2 + 2 + 0 - -65. Let p(x) = 2 + 69*x - u*x - x**2. Let y = 6 + -4. Determine p(y).
-2
Let q = -2 + 3. Let l(v) = -v**3 + 4*v**2 - 9*v - 6. Let r(g) = g**3 + g + 1. Let a(u) = q*l(u) + 2*r(u). Give a(-5).
6
Let m(u) = 2 + 10*u**2 - 9*u**2 + u + u**3 - 7 + 3*u**2. Let b be (3/(-2))/(2/(-4)). Suppose -b*r = -6*r - 12. Calculate m(r).
-9
Let d(j) = -j**2 - 11*j - 14. Let b be d(-11). Let o = b - -18. Let z(s) = s**2. Let u(t) = t**3 + 2*t**2 + 2. Let y(n) = u(n) - 6*z(n). Give y(o).
2
Suppose -k - 1 = -2*d - 9, 3*k = -d + 3. Let h(x) = -2*x + 197 - 197. Determine h(k).
-4
Let m(l) = 5*l**3 - 10*l**2 - 6. Let j(c) = -9*c**3 + 19*c**2 + 11. Let h(s) = 6*j(s) + 11*m(s). What is h(-3)?
9
Let g(p) be the first derivative of -p**4/4 + 2*p**3 + p**2 - 5*p + 1. What is g(6)?
7
Let w(k) = k**2 + 11*k + 16. Let b(m) = 2*m**2 + 12*m + 16. Let d(t) = -2*b(t) + 3*w(t). Give d(11).
-6
Let u(m) = 6*m + 15. Let j(k) = -10*k - 23. Let y(s) = -5*j(s) - 8*u(s). Give y(8).
11
Suppose 0 = -4*t - 5*c - 68, -2*t = -0*t + 4*c + 40. Let a = t - -12. Let z(r) = -r**3 - r**2 + 4. Determine z(a).
4
Let f be (-24)/(-42) + (-20)/(-14). Let m(v) = -3*v**2 - v + 1. Determine m(f).
-13
Let i(h) = 2*h**2 + 3*h - 3. Let t be ((-3)/(9/(-2)))/(14/(-63)). Give i(t).
6
Let z(q) = 72*q - 